igit of 75152245?
7
What is the thousands digit of 153765156?
5
What is the hundreds digit of 3506159924?
9
What is the thousands digit of 101990681?
0
What is the tens digit of 15884915?
1
What is the ten millions digit of 23777168?
2
What is the units digit of 54216913?
3
What is the units digit of 91481274?
4
What is the ten millions digit of 856020591?
5
What is the hundreds digit of 3139718258?
2
What is the units digit of 73271212?
2
What is the millions digit of 471971917?
1
What is the thousands digit of 342646442?
6
What is the ten millions digit of 44386817?
4
What is the hundred millions digit of 4723074620?
7
What is the hundred millions digit of 1143594006?
1
What is the units digit of 1516586889?
9
What is the thousands digit of 37255157?
5
What is the tens digit of 203690159?
5
What is the hundreds digit of 143077228?
2
What is the tens digit of 408160875?
7
What is the tens digit of 1740635580?
8
What is the hundreds digit of 105095450?
4
What is the hundreds digit of 771411204?
2
What is the millions digit of 1209074083?
9
What is the ten millions digit of 39020044?
3
What is the hundred thousands digit of 102700654?
7
What is the ten millions digit of 3371826400?
7
What is the hundreds digit of 3017418800?
8
What is the hundred millions digit of 927856057?
9
What is the units digit of 283670617?
7
What is the units digit of 39166372?
2
What is the hundred thousands digit of 670051144?
0
What is the thousands digit of 74544636?
4
What is the hundred thousands digit of 2609288819?
2
What is the hundreds digit of 60469112?
1
What is the ten millions digit of 1398833619?
9
What is the units digit of 32722334?
4
What is the tens digit of 3232745515?
1
What is the units digit of 227051642?
2
What is the hundreds digit of 133883741?
7
What is the ten thousands digit of 29832349?
3
What is the billions digit of 1440974646?
1
What is the hundred millions digit of 334343136?
3
What is the ten thousands digit of 24351889?
5
What is the ten thousands digit of 96745189?
4
What is the ten thousands digit of 1772431?
7
What is the ten thousands digit of 171842531?
4
What is the ten millions digit of 357971669?
5
What is the hundred thousands digit of 91346550?
3
What is the tens digit of 1413521383?
8
What is the units digit of 55377115?
5
What is the hundred thousands digit of 23981997?
9
What is the ten thousands digit of 1549289077?
8
What is the hundred millions digit of 3418318838?
4
What is the ten thousands digit of 2325913692?
1
What is the millions digit of 77179841?
7
What is the hundred thousands digit of 104746909?
7
What is the hundred millions digit of 209013874?
2
What is the ten thousands digit of 201012520?
1
What is the hundred millions digit of 286617279?
2
What is the hundred thousands digit of 45525998?
5
What is the hundred millions digit of 5645245999?
6
What is the hundred thousands digit of 562218560?
2
What is the ten thousands digit of 217631981?
3
What is the ten millions digit of 181563163?
8
What is the ten millions digit of 30711719?
3
What is the ten thousands digit of 451784568?
8
What is the units digit of 10635906?
6
What is the ten millions digit of 46587112?
4
What is the units digit of 1923290570?
0
What is the ten thousands digit of 58394051?
9
What is the hundred thousands digit of 232365222?
3
What is the thousands digit of 161869189?
9
What is the units digit of 989656103?
3
What is the thousands digit of 218156358?
6
What is the hundred thousands digit of 2394039107?
0
What is the billions digit of 4020437639?
4
What is the hundred thousands digit of 374933231?
9
What is the thousands digit of 4112140224?
0
What is the ten millions digit of 53737662?
5
What is the millions digit of 707793557?
7
What is the hundreds digit of 1097036729?
7
What is the hundreds digit of 140136957?
9
What is the hundred thousands digit of 3138852?
1
What is the hundreds digit of 124218060?
0
What is the units digit of 3368942641?
1
What is the thousands digit of 24242528?
2
What is the hundreds digit of 195540687?
6
What is the units digit of 112555595?
5
What is the ten millions digit of 23970596?
2
What is the millions digit of 823449805?
3
What is the ten thousands digit of 1275030181?
3
What is the units digit of 64476052?
2
What is the hundreds digit of 27974787?
7
What is the hundred thousands digit of 1200172431?
1
What is the ten millions digit of 160160223?
6
What is the ten millions digit of 1000048670?
0
What is the hundreds digit of 47936879?
8
What is the tens digit of 155296129?
2
What is the ten thousands digit of 122971252?
7
What is the millions digit of 127428985?
7
What is the tens digit of 1283475178?
7
What is the millions digit of 477759894?
7
What is the ten millions digit of 234682050?
3
What is the hundreds digit of 51277196?
1
What is the tens digit of 76010194?
9
What is the millions digit of 305919845?
5
What is the ten thousands digit of 119064195?
6
What is the ten thousands digit of 6319900?
1
What is the hundred thousands digit of 1083042?
0
What is the hundred millions digit of 8017748805?
0
What is the ten millions digit of 12619947?
1
What is the billions digit of 1154085853?
1
What is the ten thousands digit of 40230084?
3
What is the thousands digit of 396478570?
8
What is the hundreds digit of 1113199415?
4
What is the hundreds digit of 376284442?
4
What is the hundreds digit of 103551641?
6
What is the ten millions digit of 73984946?
7
What is the hundred thousands digit of 266839577?
8
What is the ten thousands digit of 394542271?
4
What is the hundred thousands digit of 80460854?
4
What is the hundred thousands digit of 56870275?
8
What is the tens digit of 171881246?
4
What is the hundred thousands digit of 22105627?
1
What is the millions digit of 13860677?
3
What is the units digit of 239584332?
2
What is the ten thousands digit of 64166024?
6
What is the hundred thousands digit of 68964358?
9
What is the millions digit of 299038053?
9
What is the units digit of 3556496117?
7
What is the hundred millions digit of 145017876?
1
What is the millions digit of 1700314092?
0
What is the hundred thousands digit of 427001008?
0
What is the thousands digit of 17155919?
5
What is the millions digit of 596671352?
6
What is the units digit of 2043669827?
7
What is the units digit of 1703158756?
6
What is the hundreds digit of 31094683?
6
What is the units digit of 1863843558?
8
What is the hundred thousands digit of 235215371?
2
What is the tens digit of 231083218?
1
What is the hundred thousands digit of 360374188?
3
What is the hundred millions digit of 107668016?
1
What is the tens digit of 93258018?
1
What is the tens digit of 93820184?
8
What is the thousands digit of 202440808?
0
What is the hundred millions digit of 241184781?
2
What is the thousands digit of 2032908288?
8
What is the thousands digit of 1016649113?
9
What is the hundred millions digit of 2831835893?
8
What is the millions digit of 4436777712?
6
What is the tens digit of 12884389?
8
What is the hundred thousands digit of 940661394?
6
What is the ten thousands digit of 30321200?
2
What is the millions digit of 5197653475?
7
What is the ten thousands digit of 522735822?
3
What is the tens digit of 73861908?
0
What is the ten thousands digit of 8944203?
4
What is the thousands digit of 320297755?
7
What is the ten millions digit of 256989627?
5
What is the hundreds digit of 10565417?
4
What is the units digit of 2558341?
1
What is the thousands digit of 34610554?
0
What is the hundred thousands digit of 974622732?
6
What is the hundreds digit of 1014534148?
1
What is the tens digit of 122787229?
2
What is the thousands digit of 717945601?
5
What is the millions digit of 20358460?
0
What is the tens digit of 323716938?
3
What is the hundreds digit of 327649694?
6
What is the hundreds digit of 428330115?
1
What is the hundreds digit of 128398064?
0
What is the millions digit of 224843661?
4
What is the hundred thousands digit of 95015863?
0
What is the ten millions digit of 83583756?
8
What is the hundreds digit of 124133882?
8
What is the thousands digit of 304704829?
4
What is the hundreds digit of 2411878062?
0
What is the hundreds digit of 23451962?
9
What is the tens digit of 18881808?
0
What is the hundreds d